ative of -43*z**2/2 + z - 4. Let s be a(1). Let r = s + 170. What is the highest common factor of r and 16?
16
Let c(p) = -p + 26. Let y be c(-8). What is the highest common factor of 238 and y?
34
Suppose -i + 2*d - d - 12 = 0, 2*d - 15 = i. Let g be (-54)/4*12/i. Let p be 6/3 + 15 + (-3 - -4). Calculate the highest common factor of p and g.
18
Let c(z) = 4 + 2*z + 8 + 6 - 14. Let f be c(19). Suppose -4*s + 24 = 2*q, s - 12 = -s + 2*q. Calculate the highest common factor of f and s.
6
Suppose 26*h - 82 - 48 = 0. Calculate the highest common divisor of 55 and h.
5
Suppose 0 = g - 3*k - 6, 2*g - 7 = 4*k + 11. Suppose -11*w - 4 = -7*w + 4*z, 3*w - z - 13 = 0. What is the highest common divisor of g and w?
3
Let o(f) = f + 9. Let b be o(-7). Let r be (4/(-6))/(1/(-6)). Calculate the greatest common divisor of b and r.
2
Let l(q) = 2*q + q**2 + 2*q - 5*q + 2*q + 2. Let d be l(0). Suppose -6 = -c + r - 0*r, -c - 10 = 3*r. Calculate the greatest common divisor of c and d.
2
Let d = -256 - -261. Calculate the highest common divisor of d and 20.
5
Suppose -23 = -4*q + 33. Let y = q - 5. Suppose 0 = l - t - y, -3*l = t - 27. What is the highest common factor of 72 and l?
9
Let a be 144/14 - (-10)/(-35). What is the greatest common divisor of a and 30?
10
Let p = 23 - 9. Let r = 12 + -19. Let d be (-4)/14 - 51/r. Calculate the greatest common factor of d and p.
7
Let v(q) = q**2 + 4*q + 9. Let s be 4/(((-4)/(-6))/(-1)). Let h be v(s). What is the greatest common divisor of h and 168?
21
Let n be (4 - -8)/(-2) + (0 - -78). What is the greatest common divisor of n and 300?
12
Suppose -9*o - 48 = -13*o. Let s(w) = 2*w**2 - 17*w - 12. Let t be s(o). What is the highest common divisor of t and 54?
18
Suppose 2*d + 59 = 53*c - 48*c, -33 = -3*c + 2*d. Calculate the highest common factor of c and 1703.
13
Suppose 0 = -13*u + 263 + 465. Let z be 72*(u/12 + -1). Calculate the greatest common factor of z and 24.
24
Let k(p) = -2*p**2 + 15*p - 15. Let l be k(6). Suppose 3*n + 80 = 5*o, 2*n + 2 - 50 = -l*o. Calculate the highest common factor of 80 and o.
16
Suppose 0 = z - 1 - 14. Suppose -a + 24 = -21. Calculate the greatest common divisor of a and z.
15
Let j(a) = -a + 3. Let s be j(3). Suppose s = c - f - 1, 2*c = -0*c - f + 11. What is the highest common factor of c and 8?
4
Let y = 55 + -16. Suppose -4*f + y - 159 = 0. Let j be ((-18)/(-1))/((-4)/f). What is the greatest common factor of 15 and j?
15
Suppose -115 + 81 = -2*g. Suppose k = -g + 101. What is the greatest common divisor of k and 12?
12
Let z(p) = -p**2 - 14*p - 25. Let u be z(-7). Calculate the greatest common factor of 18 and u.
6
Let v(w) = -5*w**3 - 1. Let b be v(-1). Suppose -5*p + 85 + 95 = 0. Suppose 2*c = 8*c - p. What is the greatest common divisor of c and b?
2
Let a = 5 - 7. Let q(w) = -w**3 - 2. Let m be q(a). Suppose -5*g - m*f = -3*f - 61, 57 = 5*g + f. Calculate the highest common divisor of 44 and g.
11
Let r(k) = 3*k**3 - k**2 + 14*k - 23. Let z be r(2). What is the highest common factor of z and 50?
25
Let t(x) be the second derivative of x**3/6 - 5*x**2/2 - 11*x. Let z be t(7). What is the highest common divisor of 2 and z?
2
Suppose -2*l + 0*b - 131 = 3*b, 5*l + 345 = -4*b. Let w = -66 - l. Calculate the highest common divisor of 77 and w.
7
Let k be -2 + (2 - 2) + 133. Suppose -u + k + 82 = 0. Let b = -122 + u. What is the highest common factor of 13 and b?
13
Suppose -150*y - 20 = -155*y. Let c = -6 - -9. Let d = c + -2. What is the highest common divisor of y and d?
1
Let m(u) = -9 - 10 + 0*u + 6 + 6*u. Let c be m(3). Calculate the highest common factor of c and 45.
5
Suppose -y = -15 + 3. Let v be 37/((-4)/y*-3). Let h = v - 1. Calculate the highest common divisor of h and 90.
18
Let i(y) = -y + 25. Let c be i(20). Suppose -18 = c*k - 23. Suppose -3*n - 8 = -5*n, b + 4*n = 25. What is the greatest common factor of k and b?
1
Let d = -90 - -150. Let m be -2 + 31 + -3 + 3. Suppose 5*k - m = 71. Calculate the highest common factor of d and k.
20
Let s be (-1485)/(-5) + 3/(-3) + -4. Calculate the highest common factor of s and 657.
73
Suppose 5*j - 133 - 72 = 0. Suppose 4*b = -j + 201. Suppose c - 3*q - 2*q = 23, 9 = -3*q. Calculate the greatest common divisor of c and b.
8
Let v = -130 - -317. Calculate the greatest common factor of 17 and v.
17
Suppose 4*w = 2*t + 72, -t + 62 + 42 = 5*w. Let m be ((-7)/2)/(-7)*w. Suppose 0*a = -5*a + m. Calculate the greatest common divisor of 5 and a.
1
Let a(u) = 20*u + 38. Let g be a(-1). Calculate the greatest common divisor of g and 81.
9
Suppose 0 = -7*y - 747 + 2007. What is the highest common factor of y and 300?
60
Suppose 0 = -0*a + 2*a + 5*u + 21, -3*a - 5*u = 19. Suppose -3*v = -4*o - v + 14, 0 = -4*o + 5*v + 29. What is the greatest common divisor of a and o?
1
Let f = 77 - 72. Suppose -5*o = f*g - o - 692, 0 = -2*g + 4*o + 288. Calculate the greatest common divisor of 7 and g.
7
Let t(g) = g - 1. Let h be t(5). Let i be (24/4)/(6/(-3)). Let x = h + i. What is the highest common divisor of 1 and x?
1
Suppose -42 = -3*r + 3*n, n + 18 + 6 = 2*r. What is the highest common factor of 610 and r?
10
Let z = 11 + -15. Let i be 14 + -3 + 0 - -1. Let s = i + z. Calculate the highest common factor of s and 32.
8
Suppose 3*r - x - 24 = -4*x, r - 10 = x. Suppose 0 = 13*f - r*f - 300. Calculate the highest common divisor of f and 25.
25
Let u(r) = r**3 + 5*r**2 - 8. Let k be u(-4). Suppose 4*x - 4*q - 280 = -56, 3*q + 280 = 5*x. What is the greatest common divisor of k and x?
8
Suppose 0*b - 90 = -2*b. Let r(k) = 2*k**2 - 12*k + 15. Let p be r(5). Calculate the highest common divisor of b and p.
5
Let t = 34 - 30. Let i be (-1740)/(-35) - t/(-14). Calculate the highest common factor of 10 and i.
10
Let r be 2*1*6/4. Suppose 3*t - 16 - 20 = -r*u, -u - 2*t = -16. Let d be -4*(3/(-1) + -7). What is the highest common factor of u and d?
8
Let v be 3/(60/90 - (-7)/(-15)). What is the highest common factor of 21 and v?
3
Let i = -1 - -3. Suppose q - i*q + 16 = 0. Suppose 3*n + 2*l = 46, 3*n + 4*l - 158 = -114. What is the highest common divisor of n and q?
16
Suppose -z + 3*z = 6. Suppose -5*u = z*n - 2*n - 15, -n = -3*u - 15. Let h be (9/3 + (-14)/6)*90. Calculate the greatest common factor of n and h.
15
Let y(a) = 4*a**2 + 45*a - 2. Let j(q) = -2*q**2 - 23*q + 1. Let r(f) = -5*j(f) - 2*y(f). Let d be r(-13). What is the greatest common factor of 96 and d?
12
Suppose 0 = u + 2*u + 5*s - 79, -3*u = -s - 103. Let q = -1 + 23. What is the greatest common divisor of q and u?
11
Suppose -848 = -i - j, 28*i - 25*i - 2568 = 3*j. Calculate the greatest common divisor of i and 12.
12
Let r(t) = 66*t + 138. Let s be r(-2). Calculate the highest common factor of 33 and s.
3
Suppose 0 = 52*g - 31*g - 672. Calculate the greatest common factor of g and 152.
8
Let y = 61 + -68. Let b(a) = -2*a - 2. Let i be b(y). Calculate the greatest common factor of 12 and i.
12
Let s = -308 - -480. What is the greatest common factor of 946 and s?
86
Let k = 20 - 6. Let c(o) = -41*o - 245. Let i be c(-7). What is the greatest common factor of i and k?
14
Let j(t) = 3*t**2 - 102*t + 5. Let n be j(34). Suppose 5*r = -4*h + 75, 2*h + r = -2*r + 37. What is the greatest common divisor of n and h?
5
Let r(x) = x**2 - 6*x - 3. Suppose s = 6*s. Suppose -2*t + 23 - 7 = s. Let k be r(t). What is the highest common divisor of k and 65?
13
Let r be 4/(-20) + (-2873)/(-65). What is the highest common divisor of 99 and r?
11
Let x(m) = 4*m**2 + 2*m + 9. Let y(s) = 4*s**2 + 2*s + 9. Let h(z) = -2*x(z) + 3*y(z). Let p be h(-4). What is the greatest common divisor of 455 and p?
65
Let b = 400 + -176. What is the greatest common divisor of b and 14?
14
Let w be (-2)/3 + (-220)/(-6). Suppose 557 - 83 = -6*k. Let q = k + 103. What is the greatest common factor of q and w?
12
Suppose -2*w - 320 = -430. Calculate the greatest common divisor of 33 and w.
11
Suppose -o + 2762 = 5*h, h + 128 = 4*o + 672. Calculate the greatest common factor of 24 and h.
24
Suppose 3*a - 12 = 9. Suppose -2*z = -3*w + 625, -a*w - 3*z + 822 = -3*w. What is the highest common factor of w and 23?
23
Let f = 0 - -7. Suppose 66 = f*y - 39. Let h = -10 - -85. What is the highest common divisor of h and y?
15
Let i be 8